{"version":"1.0","provider_name":"BREIZH FAB","provider_url":"https:\/\/www.breizhfab.bzh","author_name":"Sylvain Gourlaouen","author_url":"https:\/\/www.breizhfab.bzh\/author\/sylvain-gourlaouen\/","title":"Salon virtuel des Offreurs de solutions bretons - BREIZH FAB","type":"rich","width":600,"height":338,"html":"<blockquote class=\"wp-embedded-content\" data-secret=\"Hra8Hw7wln\"><a href=\"https:\/\/www.breizhfab.bzh\/agenda\/salon-virtuel-des-offreurs-de-solutions-bretons\/\">Salon virtuel des Offreurs de solutions bretons<\/a><\/blockquote><iframe sandbox=\"allow-scripts\" security=\"restricted\" src=\"https:\/\/www.breizhfab.bzh\/agenda\/salon-virtuel-des-offreurs-de-solutions-bretons\/embed\/#?secret=Hra8Hw7wln\" width=\"600\" height=\"338\" title=\"\u00ab\u00a0Salon virtuel des Offreurs de solutions bretons\u00a0\u00bb &#8212; BREIZH FAB\" data-secret=\"Hra8Hw7wln\" frameborder=\"0\" marginwidth=\"0\" marginheight=\"0\" scrolling=\"no\" class=\"wp-embedded-content\"><\/iframe><script type=\"text\/javascript\">\n\/* <![CDATA[ *\/\n\/*! This file is auto-generated *\/\n!function(d,l){\"use strict\";l.querySelector&&d.addEventListener&&\"undefined\"!=typeof URL&&(d.wp=d.wp||{},d.wp.receiveEmbedMessage||(d.wp.receiveEmbedMessage=function(e){var t=e.data;if((t||t.secret||t.message||t.value)&&!\/[^a-zA-Z0-9]\/.test(t.secret)){for(var s,r,n,a=l.querySelectorAll('iframe[data-secret=\"'+t.secret+'\"]'),o=l.querySelectorAll('blockquote[data-secret=\"'+t.secret+'\"]'),c=new RegExp(\"^https?:$\",\"i\"),i=0;i<o.length;i++)o[i].style.display=\"none\";for(i=0;i<a.length;i++)s=a[i],e.source===s.contentWindow&&(s.removeAttribute(\"style\"),\"height\"===t.message?(1e3<(r=parseInt(t.value,10))?r=1e3:~~r<200&&(r=200),s.height=r):\"link\"===t.message&&(r=new URL(s.getAttribute(\"src\")),n=new URL(t.value),c.test(n.protocol))&&n.host===r.host&&l.activeElement===s&&(d.top.location.href=t.value))}},d.addEventListener(\"message\",d.wp.receiveEmbedMessage,!1),l.addEventListener(\"DOMContentLoaded\",function(){for(var e,t,s=l.querySelectorAll(\"iframe.wp-embedded-content\"),r=0;r<s.length;r++)(t=(e=s[r]).getAttribute(\"data-secret\"))||(t=Math.random().toString(36).substring(2,12),e.src+=\"#?secret=\"+t,e.setAttribute(\"data-secret\",t)),e.contentWindow.postMessage({message:\"ready\",secret:t},\"*\")},!1)))}(window,document);\n\/\/# sourceURL=https:\/\/www.breizhfab.bzh\/wp-includes\/js\/wp-embed.min.js\n\/* ]]> *\/\n<\/script>\n","description":"Afin d&rsquo;acc\u00e9l\u00e9rer la p\u00e9n\u00e9tration des technologies IdF4.0 dans les entreprises bretonnes : TPE-PME et grandes entreprises de toutes fili\u00e8res industrielles, Breizh Fab et l&rsquo;ensemble des p\u00f4les de comp\u00e9titivit\u00e9 bretons vous proposent un \u00e9v\u00e8nement in\u00e9dit 100% digital, du 10 au 12 mars 2021 ! &nbsp; Je m&rsquo;inscris","thumbnail_url":"https:\/\/www.breizhfab.bzh\/voy_content\/uploads\/2021\/01\/SALON-VIRTUEL-OS-800x400_Banniere-Salon-OS-800x480-1-scaled.jpg"}

Afin d&rsquo;accélérer la pénétration des technologies IdF4.0 dans les entreprises bretonnes : TPE-PME et grandes entreprises de toutes filières industrielles, Breizh Fab et l&rsquo;ensemble des pôles de compétitivité bretons vous proposent un évènement inédit 100% digital, du 10 au 12 mars 2021 ! &nbsp; Je m&rsquo;inscris
