{"version":"1.0","provider_name":"BREIZH FAB","provider_url":"https:\/\/www.breizhfab.bzh","author_name":"Sylvain Gourlaouen","author_url":"https:\/\/www.breizhfab.bzh\/author\/sylvain-gourlaouen\/","title":"La transition \u00e9cologique - ADEME - BREIZH FAB","type":"rich","width":600,"height":338,"html":"<blockquote class=\"wp-embedded-content\" data-secret=\"jRMCHx1Efo\"><a href=\"https:\/\/www.breizhfab.bzh\/agenda\/ademe-la-transition-ecologique\/\">La transition \u00e9cologique &#8211; ADEME<\/a><\/blockquote><iframe sandbox=\"allow-scripts\" security=\"restricted\" src=\"https:\/\/www.breizhfab.bzh\/agenda\/ademe-la-transition-ecologique\/embed\/#?secret=jRMCHx1Efo\" width=\"600\" height=\"338\" title=\"\u00ab\u00a0La transition \u00e9cologique &#8211; ADEME\u00a0\u00bb &#8212; BREIZH FAB\" data-secret=\"jRMCHx1Efo\" frameborder=\"0\" marginwidth=\"0\" marginheight=\"0\" scrolling=\"no\" class=\"wp-embedded-content\"><\/iframe><script type=\"text\/javascript\">\n\/* <![CDATA[ *\/\n\/*! This file is auto-generated *\/\n!function(d,l){\"use strict\";l.querySelector&&d.addEventListener&&\"undefined\"!=typeof URL&&(d.wp=d.wp||{},d.wp.receiveEmbedMessage||(d.wp.receiveEmbedMessage=function(e){var t=e.data;if((t||t.secret||t.message||t.value)&&!\/[^a-zA-Z0-9]\/.test(t.secret)){for(var s,r,n,a=l.querySelectorAll('iframe[data-secret=\"'+t.secret+'\"]'),o=l.querySelectorAll('blockquote[data-secret=\"'+t.secret+'\"]'),c=new RegExp(\"^https?:$\",\"i\"),i=0;i<o.length;i++)o[i].style.display=\"none\";for(i=0;i<a.length;i++)s=a[i],e.source===s.contentWindow&&(s.removeAttribute(\"style\"),\"height\"===t.message?(1e3<(r=parseInt(t.value,10))?r=1e3:~~r<200&&(r=200),s.height=r):\"link\"===t.message&&(r=new URL(s.getAttribute(\"src\")),n=new URL(t.value),c.test(n.protocol))&&n.host===r.host&&l.activeElement===s&&(d.top.location.href=t.value))}},d.addEventListener(\"message\",d.wp.receiveEmbedMessage,!1),l.addEventListener(\"DOMContentLoaded\",function(){for(var e,t,s=l.querySelectorAll(\"iframe.wp-embedded-content\"),r=0;r<s.length;r++)(t=(e=s[r]).getAttribute(\"data-secret\"))||(t=Math.random().toString(36).substring(2,12),e.src+=\"#?secret=\"+t,e.setAttribute(\"data-secret\",t)),e.contentWindow.postMessage({message:\"ready\",secret:t},\"*\")},!1)))}(window,document);\n\/\/# sourceURL=https:\/\/www.breizhfab.bzh\/wp-includes\/js\/wp-embed.min.js\n\/* ]]> *\/\n<\/script>\n","description":"La transition \u00e9cologique, facteur de d\u00e9veloppement pour les entreprises bretonnes &nbsp; Colloque Ademe Le Colloque qui se d\u00e9roulera le 19 janvier 2021, sous un double format SUR PLACE ou \u00c0 DISTANCE. Alors que le Plan gouvernemental France Relance consacr\u00e9 un volume de 100 milliards d&rsquo;\u20ac d&rsquo;aides aux entreprises touch\u00e9es par la crise sanitaire, dont 30 [&hellip;]","thumbnail_url":"https:\/\/www.breizhfab.bzh\/voy_content\/uploads\/2020\/11\/Colloque-Ademe-190121-1024x371.jpg"}

La transition écologique - ADEME - BREIZH FAB

<blockquote class="wp-embedded-content" data-secret="jRMCHx1Efo"><a href="https://www.breizhfab.bzh/agenda/ademe-la-transition-ecologique/">La transition écologique &#8211; ADEME</a></blockquote><iframe sandbox="allow-scripts" security="restricted" src="https://www.breizhfab.bzh/agenda/ademe-la-transition-ecologique/embed/#?secret=jRMCHx1Efo" width="600" height="338" title="« La transition écologique &#8211; ADEME » &#8212; BREIZH FAB" data-secret="jRMCHx1Efo" frameborder="0" marginwidth="0" marginheight="0" scrolling="no" class="wp-embedded-content"></iframe><script type="text/javascript">
/* <![CDATA[ */
/*! This file is auto-generated */
!function(d,l){"use strict";l.querySelector&&d.addEventListener&&"undefined"!=typeof URL&&(d.wp=d.wp||{},d.wp.receiveEmbedMessage||(d.wp.receiveEmbedMessage=function(e){var t=e.data;if((t||t.secret||t.message||t.value)&&!/[^a-zA-Z0-9]/.test(t.secret)){for(var s,r,n,a=l.querySelectorAll('iframe[data-secret="'+t.secret+'"]'),o=l.querySelectorAll('blockquote[data-secret="'+t.secret+'"]'),c=new RegExp("^https?:$","i"),i=0;i<o.length;i++)o[i].style.display="none";for(i=0;i<a.length;i++)s=a[i],e.source===s.contentWindow&&(s.removeAttribute("style"),"height"===t.message?(1e3<(r=parseInt(t.value,10))?r=1e3:~~r<200&&(r=200),s.height=r):"link"===t.message&&(r=new URL(s.getAttribute("src")),n=new URL(t.value),c.test(n.protocol))&&n.host===r.host&&l.activeElement===s&&(d.top.location.href=t.value))}},d.addEventListener("message",d.wp.receiveEmbedMessage,!1),l.addEventListener("DOMContentLoaded",function(){for(var e,t,s=l.querySelectorAll("iframe.wp-embedded-content"),r=0;r<s.length;r++)(t=(e=s[r]).getAttribute("data-secret"))||(t=Math.random().toString(36).substring(2,12),e.src+="#?secret="+t,e.setAttribute("data-secret",t)),e.contentWindow.postMessage({message:"ready",secret:t},"*")},!1)))}(window,document);
//# sourceURL=https://www.breizhfab.bzh/wp-includes/js/wp-embed.min.js
/* ]]> */
</script>

La transition écologique, facteur de développement pour les entreprises bretonnes &nbsp; Colloque Ademe Le Colloque qui se déroulera le 19 janvier 2021, sous un double format SUR PLACE ou À DISTANCE. Alors que le Plan gouvernemental France Relance consacré un volume de 100 milliards d&rsquo;€ d&rsquo;aides aux entreprises touchées par la crise sanitaire, dont 30 [&hellip;]
